{"version":"1.0","provider_name":"Emballage Digest","provider_url":"https:\/\/www.emballagedigest.fr\/en","title":"Entr\u00e9e en phase 2 du projet Pharma-Recharge - Emballage Digest","type":"rich","width":600,"height":338,"html":"<blockquote class=\"wp-embedded-content\" data-secret=\"06Y3bqtAWZ\"><a href=\"https:\/\/www.emballagedigest.fr\/en\/entree-en-phase-2-du-projet-pharma-recharge\/\">Entr\u00e9e en phase 2 du projet Pharma-Recharge<\/a><\/blockquote><iframe sandbox=\"allow-scripts\" security=\"restricted\" src=\"https:\/\/www.emballagedigest.fr\/en\/entree-en-phase-2-du-projet-pharma-recharge\/embed\/#?secret=06Y3bqtAWZ\" width=\"600\" height=\"338\" title=\"&#8220;Entr\u00e9e en phase 2 du projet Pharma-Recharge&#8221; &#8212; Emballage Digest\" data-secret=\"06Y3bqtAWZ\" frameborder=\"0\" marginwidth=\"0\" marginheight=\"0\" scrolling=\"no\" class=\"wp-embedded-content\"><\/iframe><script type=\"text\/javascript\">\n\/* <![CDATA[ *\/\n\/*! This file is auto-generated *\/\n!function(d,l){\"use strict\";l.querySelector&&d.addEventListener&&\"undefined\"!=typeof URL&&(d.wp=d.wp||{},d.wp.receiveEmbedMessage||(d.wp.receiveEmbedMessage=function(e){var t=e.data;if((t||t.secret||t.message||t.value)&&!\/[^a-zA-Z0-9]\/.test(t.secret)){for(var s,r,n,a=l.querySelectorAll('iframe[data-secret=\"'+t.secret+'\"]'),o=l.querySelectorAll('blockquote[data-secret=\"'+t.secret+'\"]'),c=new RegExp(\"^https?:$\",\"i\"),i=0;i<o.length;i++)o[i].style.display=\"none\";for(i=0;i<a.length;i++)s=a[i],e.source===s.contentWindow&&(s.removeAttribute(\"style\"),\"height\"===t.message?(1e3<(r=parseInt(t.value,10))?r=1e3:~~r<200&&(r=200),s.height=r):\"link\"===t.message&&(r=new URL(s.getAttribute(\"src\")),n=new URL(t.value),c.test(n.protocol))&&n.host===r.host&&l.activeElement===s&&(d.top.location.href=t.value))}},d.addEventListener(\"message\",d.wp.receiveEmbedMessage,!1),l.addEventListener(\"DOMContentLoaded\",function(){for(var e,t,s=l.querySelectorAll(\"iframe.wp-embedded-content\"),r=0;r<s.length;r++)(t=(e=s[r]).getAttribute(\"data-secret\"))||(t=Math.random().toString(36).substring(2,12),e.src+=\"#?secret=\"+t,e.setAttribute(\"data-secret\",t)),e.contentWindow.postMessage({message:\"ready\",secret:t},\"*\")},!1)))}(window,document);\n\/\/# sourceURL=https:\/\/www.emballagedigest.fr\/wp-includes\/js\/wp-embed.min.js\n\/* ]]> *\/\n<\/script>","thumbnail_url":"https:\/\/www.emballagedigest.fr\/wp-content\/uploads\/2025\/09\/pharma_recharge1.jpg","thumbnail_width":800,"thumbnail_height":600,"description":"Deux ans apr\u00e8s le lancement de sa phase d\u2019exp\u00e9rimentation, le collectif Pharma-Recharge franchit une nouvelle \u00e9tape avec un dispositif enrichi, un meuble repens\u00e9, davantage de marques disponibles et de nouvelles officines partenaires. Cette deuxi\u00e8me s\u00e9quence marque une acc\u00e9l\u00e9ration concr\u00e8te vers une consommation dermo-cosm\u00e9tique plus durable et responsable. En effet, les consommateurs en pharmacie sont aujourd\u2019hui [&hellip;]"}

Entrée en phase 2 du projet Pharma-Recharge - Emballage Digest

<blockquote class="wp-embedded-content" data-secret="06Y3bqtAWZ"><a href="https://www.emballagedigest.fr/en/entree-en-phase-2-du-projet-pharma-recharge/">Entrée en phase 2 du projet Pharma-Recharge</a></blockquote><iframe sandbox="allow-scripts" security="restricted" src="https://www.emballagedigest.fr/en/entree-en-phase-2-du-projet-pharma-recharge/embed/#?secret=06Y3bqtAWZ" width="600" height="338" title="&#8220;Entrée en phase 2 du projet Pharma-Recharge&#8221; &#8212; Emballage Digest" data-secret="06Y3bqtAWZ" frameborder="0" marginwidth="0" marginheight="0" scrolling="no" class="wp-embedded-content"></iframe><script type="text/javascript">
/* <![CDATA[ */
/*! This file is auto-generated */
!function(d,l){"use strict";l.querySelector&&d.addEventListener&&"undefined"!=typeof URL&&(d.wp=d.wp||{},d.wp.receiveEmbedMessage||(d.wp.receiveEmbedMessage=function(e){var t=e.data;if((t||t.secret||t.message||t.value)&&!/[^a-zA-Z0-9]/.test(t.secret)){for(var s,r,n,a=l.querySelectorAll('iframe[data-secret="'+t.secret+'"]'),o=l.querySelectorAll('blockquote[data-secret="'+t.secret+'"]'),c=new RegExp("^https?:$","i"),i=0;i<o.length;i++)o[i].style.display="none";for(i=0;i<a.length;i++)s=a[i],e.source===s.contentWindow&&(s.removeAttribute("style"),"height"===t.message?(1e3<(r=parseInt(t.value,10))?r=1e3:~~r<200&&(r=200),s.height=r):"link"===t.message&&(r=new URL(s.getAttribute("src")),n=new URL(t.value),c.test(n.protocol))&&n.host===r.host&&l.activeElement===s&&(d.top.location.href=t.value))}},d.addEventListener("message",d.wp.receiveEmbedMessage,!1),l.addEventListener("DOMContentLoaded",function(){for(var e,t,s=l.querySelectorAll("iframe.wp-embedded-content"),r=0;r<s.length;r++)(t=(e=s[r]).getAttribute("data-secret"))||(t=Math.random().toString(36).substring(2,12),e.src+="#?secret="+t,e.setAttribute("data-secret",t)),e.contentWindow.postMessage({message:"ready",secret:t},"*")},!1)))}(window,document);
//# sourceURL=https://www.emballagedigest.fr/wp-includes/js/wp-embed.min.js
/* ]]> */
</script>

Deux ans après le lancement de sa phase d’expérimentation, le collectif Pharma-Recharge franchit une nouvelle étape avec un dispositif enrichi, un meuble repensé, davantage de marques disponibles et de nouvelles officines partenaires. Cette deuxième séquence marque une accélération concrète vers une consommation dermo-cosmétique plus durable et responsable. En effet, les consommateurs en pharmacie sont aujourd’hui [&hellip;]
