{"version":"1.0","provider_name":"Emballage Digest","provider_url":"https:\/\/www.emballagedigest.fr\/en","title":"IMA annonce l\u2019acquisition de OMAS Tecnosistemi - Emballage Digest","type":"rich","width":600,"height":338,"html":"<blockquote class=\"wp-embedded-content\" data-secret=\"sZaQm8AVou\"><a href=\"https:\/\/www.emballagedigest.fr\/en\/ima-annonce-lacquisition-de-omas-tecnosistemi\/\">IMA annonce l\u2019acquisition de OMAS Tecnosistemi<\/a><\/blockquote><iframe sandbox=\"allow-scripts\" security=\"restricted\" src=\"https:\/\/www.emballagedigest.fr\/en\/ima-annonce-lacquisition-de-omas-tecnosistemi\/embed\/#?secret=sZaQm8AVou\" width=\"600\" height=\"338\" title=\"&#8220;IMA annonce l\u2019acquisition de OMAS Tecnosistemi&#8221; &#8212; Emballage Digest\" data-secret=\"sZaQm8AVou\" frameborder=\"0\" marginwidth=\"0\" marginheight=\"0\" scrolling=\"no\" class=\"wp-embedded-content\"><\/iframe><script type=\"text\/javascript\">\n\/* <![CDATA[ *\/\n\/*! This file is auto-generated *\/\n!function(d,l){\"use strict\";l.querySelector&&d.addEventListener&&\"undefined\"!=typeof URL&&(d.wp=d.wp||{},d.wp.receiveEmbedMessage||(d.wp.receiveEmbedMessage=function(e){var t=e.data;if((t||t.secret||t.message||t.value)&&!\/[^a-zA-Z0-9]\/.test(t.secret)){for(var s,r,n,a=l.querySelectorAll('iframe[data-secret=\"'+t.secret+'\"]'),o=l.querySelectorAll('blockquote[data-secret=\"'+t.secret+'\"]'),c=new RegExp(\"^https?:$\",\"i\"),i=0;i<o.length;i++)o[i].style.display=\"none\";for(i=0;i<a.length;i++)s=a[i],e.source===s.contentWindow&&(s.removeAttribute(\"style\"),\"height\"===t.message?(1e3<(r=parseInt(t.value,10))?r=1e3:~~r<200&&(r=200),s.height=r):\"link\"===t.message&&(r=new URL(s.getAttribute(\"src\")),n=new URL(t.value),c.test(n.protocol))&&n.host===r.host&&l.activeElement===s&&(d.top.location.href=t.value))}},d.addEventListener(\"message\",d.wp.receiveEmbedMessage,!1),l.addEventListener(\"DOMContentLoaded\",function(){for(var e,t,s=l.querySelectorAll(\"iframe.wp-embedded-content\"),r=0;r<s.length;r++)(t=(e=s[r]).getAttribute(\"data-secret\"))||(t=Math.random().toString(36).substring(2,12),e.src+=\"#?secret=\"+t,e.setAttribute(\"data-secret\",t)),e.contentWindow.postMessage({message:\"ready\",secret:t},\"*\")},!1)))}(window,document);\n\/\/# sourceURL=https:\/\/www.emballagedigest.fr\/wp-includes\/js\/wp-embed.min.js\n\/* ]]> *\/\n<\/script>","thumbnail_url":"https:\/\/www.emballagedigest.fr\/wp-content\/uploads\/2024\/03\/IMA1.jpg","thumbnail_width":800,"thumbnail_height":531,"description":"A quelques heures de l\u2019ouverture du salon Cosmoprof Bologne, l\u2019annonce ne passe pas inaper\u00e7ue. Le groupe italien IMA reprend OMAS Tecnosistemi et entend ainsi renforcer sa pr\u00e9sence dans les secteurs de la cosm\u00e9tique et de l\u2019hygi\u00e8ne\/beaut\u00e9. Dans le cadre de cette transaction, IMA reprend la majorit\u00e9 des actions de OMAS Tecnosistemi, soci\u00e9t\u00e9 d\u00e9tenue par Savino [&hellip;]"}

A quelques heures de l’ouverture du salon Cosmoprof Bologne, l’annonce ne passe pas inaperçue. Le groupe italien IMA reprend OMAS Tecnosistemi et entend ainsi renforcer sa présence dans les secteurs de la cosmétique et de l’hygiène/beauté. Dans le cadre de cette transaction, IMA reprend la majorité des actions de OMAS Tecnosistemi, société détenue par Savino [&hellip;]
