{"version":"1.0","provider_name":"Emballage Digest","provider_url":"https:\/\/www.emballagedigest.fr\/en","title":"La Paris Packaging Week pr\u00e9pare son \u00e9dition 2024 - Emballage Digest","type":"rich","width":600,"height":338,"html":"<blockquote class=\"wp-embedded-content\" data-secret=\"zfKejKDqHx\"><a href=\"https:\/\/www.emballagedigest.fr\/en\/la-paris-packaging-week-prepare-son-edition-2024\/\">La Paris Packaging Week pr\u00e9pare son \u00e9dition 2024<\/a><\/blockquote><iframe sandbox=\"allow-scripts\" security=\"restricted\" src=\"https:\/\/www.emballagedigest.fr\/en\/la-paris-packaging-week-prepare-son-edition-2024\/embed\/#?secret=zfKejKDqHx\" width=\"600\" height=\"338\" title=\"&#8220;La Paris Packaging Week pr\u00e9pare son \u00e9dition 2024&#8221; &#8212; Emballage Digest\" data-secret=\"zfKejKDqHx\" frameborder=\"0\" marginwidth=\"0\" marginheight=\"0\" scrolling=\"no\" class=\"wp-embedded-content\"><\/iframe><script type=\"text\/javascript\">\n\/* <![CDATA[ *\/\n\/*! This file is auto-generated *\/\n!function(d,l){\"use strict\";l.querySelector&&d.addEventListener&&\"undefined\"!=typeof URL&&(d.wp=d.wp||{},d.wp.receiveEmbedMessage||(d.wp.receiveEmbedMessage=function(e){var t=e.data;if((t||t.secret||t.message||t.value)&&!\/[^a-zA-Z0-9]\/.test(t.secret)){for(var s,r,n,a=l.querySelectorAll('iframe[data-secret=\"'+t.secret+'\"]'),o=l.querySelectorAll('blockquote[data-secret=\"'+t.secret+'\"]'),c=new RegExp(\"^https?:$\",\"i\"),i=0;i<o.length;i++)o[i].style.display=\"none\";for(i=0;i<a.length;i++)s=a[i],e.source===s.contentWindow&&(s.removeAttribute(\"style\"),\"height\"===t.message?(1e3<(r=parseInt(t.value,10))?r=1e3:~~r<200&&(r=200),s.height=r):\"link\"===t.message&&(r=new URL(s.getAttribute(\"src\")),n=new URL(t.value),c.test(n.protocol))&&n.host===r.host&&l.activeElement===s&&(d.top.location.href=t.value))}},d.addEventListener(\"message\",d.wp.receiveEmbedMessage,!1),l.addEventListener(\"DOMContentLoaded\",function(){for(var e,t,s=l.querySelectorAll(\"iframe.wp-embedded-content\"),r=0;r<s.length;r++)(t=(e=s[r]).getAttribute(\"data-secret\"))||(t=Math.random().toString(36).substring(2,12),e.src+=\"#?secret=\"+t,e.setAttribute(\"data-secret\",t)),e.contentWindow.postMessage({message:\"ready\",secret:t},\"*\")},!1)))}(window,document);\n\/\/# sourceURL=https:\/\/www.emballagedigest.fr\/wp-includes\/js\/wp-embed.min.js\n\/* ]]> *\/\n<\/script>","thumbnail_url":"https:\/\/www.emballagedigest.fr\/wp-content\/uploads\/2023\/12\/PPW1.jpg","thumbnail_width":800,"thumbnail_height":533,"description":"Le compte \u00e0 rebours pour la prochaine \u00e9dition de la Paris&nbsp;Packaging&nbsp;Week est lanc\u00e9. L\u2019\u00e9v\u00e9nement \u2013 qui regroupe les salons ADF, PCD, PLD et Packaging Premiere sur un unique et m\u00eame lieu \u00e0 Paris Expo Porte de Versailles \u2013 se tiendra les 17 et 18&nbsp;janvier&nbsp;2024 et sera l\u2019occasion pour les industriels de faire le point sur [&hellip;]"}

La Paris Packaging Week prépare son édition 2024 - Emballage Digest

<blockquote class="wp-embedded-content" data-secret="zfKejKDqHx"><a href="https://www.emballagedigest.fr/en/la-paris-packaging-week-prepare-son-edition-2024/">La Paris Packaging Week prépare son édition 2024</a></blockquote><iframe sandbox="allow-scripts" security="restricted" src="https://www.emballagedigest.fr/en/la-paris-packaging-week-prepare-son-edition-2024/embed/#?secret=zfKejKDqHx" width="600" height="338" title="&#8220;La Paris Packaging Week prépare son édition 2024&#8221; &#8212; Emballage Digest" data-secret="zfKejKDqHx" frameborder="0" marginwidth="0" marginheight="0" scrolling="no" class="wp-embedded-content"></iframe><script type="text/javascript">
/* <![CDATA[ */
/*! This file is auto-generated */
!function(d,l){"use strict";l.querySelector&&d.addEventListener&&"undefined"!=typeof URL&&(d.wp=d.wp||{},d.wp.receiveEmbedMessage||(d.wp.receiveEmbedMessage=function(e){var t=e.data;if((t||t.secret||t.message||t.value)&&!/[^a-zA-Z0-9]/.test(t.secret)){for(var s,r,n,a=l.querySelectorAll('iframe[data-secret="'+t.secret+'"]'),o=l.querySelectorAll('blockquote[data-secret="'+t.secret+'"]'),c=new RegExp("^https?:$","i"),i=0;i<o.length;i++)o[i].style.display="none";for(i=0;i<a.length;i++)s=a[i],e.source===s.contentWindow&&(s.removeAttribute("style"),"height"===t.message?(1e3<(r=parseInt(t.value,10))?r=1e3:~~r<200&&(r=200),s.height=r):"link"===t.message&&(r=new URL(s.getAttribute("src")),n=new URL(t.value),c.test(n.protocol))&&n.host===r.host&&l.activeElement===s&&(d.top.location.href=t.value))}},d.addEventListener("message",d.wp.receiveEmbedMessage,!1),l.addEventListener("DOMContentLoaded",function(){for(var e,t,s=l.querySelectorAll("iframe.wp-embedded-content"),r=0;r<s.length;r++)(t=(e=s[r]).getAttribute("data-secret"))||(t=Math.random().toString(36).substring(2,12),e.src+="#?secret="+t,e.setAttribute("data-secret",t)),e.contentWindow.postMessage({message:"ready",secret:t},"*")},!1)))}(window,document);
//# sourceURL=https://www.emballagedigest.fr/wp-includes/js/wp-embed.min.js
/* ]]> */
</script>

Le compte à rebours pour la prochaine édition de la Paris&nbsp;Packaging&nbsp;Week est lancé. L’événement – qui regroupe les salons ADF, PCD, PLD et Packaging Premiere sur un unique et même lieu à Paris Expo Porte de Versailles – se tiendra les 17 et 18&nbsp;janvier&nbsp;2024 et sera l’occasion pour les industriels de faire le point sur [&hellip;]
