{"version":"1.0","provider_name":"Emballage Digest","provider_url":"https:\/\/www.emballagedigest.fr\/en","title":"Les mat\u00e9riaux d\u2019emballage vus par les professionnels - Emballage Digest","type":"rich","width":600,"height":338,"html":"<blockquote class=\"wp-embedded-content\" data-secret=\"0laUffhBZf\"><a href=\"https:\/\/www.emballagedigest.fr\/en\/les-materiaux-d-emballage-vus-par-les-professionnels\/\">Les mat\u00e9riaux d\u2019emballage vus par les professionnels<\/a><\/blockquote><iframe sandbox=\"allow-scripts\" security=\"restricted\" src=\"https:\/\/www.emballagedigest.fr\/en\/les-materiaux-d-emballage-vus-par-les-professionnels\/embed\/#?secret=0laUffhBZf\" width=\"600\" height=\"338\" title=\"&#8220;Les mat\u00e9riaux d\u2019emballage vus par les professionnels&#8221; &#8212; Emballage Digest\" data-secret=\"0laUffhBZf\" frameborder=\"0\" marginwidth=\"0\" marginheight=\"0\" scrolling=\"no\" class=\"wp-embedded-content\"><\/iframe><script type=\"text\/javascript\">\n\/* <![CDATA[ *\/\n\/*! This file is auto-generated *\/\n!function(d,l){\"use strict\";l.querySelector&&d.addEventListener&&\"undefined\"!=typeof URL&&(d.wp=d.wp||{},d.wp.receiveEmbedMessage||(d.wp.receiveEmbedMessage=function(e){var t=e.data;if((t||t.secret||t.message||t.value)&&!\/[^a-zA-Z0-9]\/.test(t.secret)){for(var s,r,n,a=l.querySelectorAll('iframe[data-secret=\"'+t.secret+'\"]'),o=l.querySelectorAll('blockquote[data-secret=\"'+t.secret+'\"]'),c=new RegExp(\"^https?:$\",\"i\"),i=0;i<o.length;i++)o[i].style.display=\"none\";for(i=0;i<a.length;i++)s=a[i],e.source===s.contentWindow&&(s.removeAttribute(\"style\"),\"height\"===t.message?(1e3<(r=parseInt(t.value,10))?r=1e3:~~r<200&&(r=200),s.height=r):\"link\"===t.message&&(r=new URL(s.getAttribute(\"src\")),n=new URL(t.value),c.test(n.protocol))&&n.host===r.host&&l.activeElement===s&&(d.top.location.href=t.value))}},d.addEventListener(\"message\",d.wp.receiveEmbedMessage,!1),l.addEventListener(\"DOMContentLoaded\",function(){for(var e,t,s=l.querySelectorAll(\"iframe.wp-embedded-content\"),r=0;r<s.length;r++)(t=(e=s[r]).getAttribute(\"data-secret\"))||(t=Math.random().toString(36).substring(2,12),e.src+=\"#?secret=\"+t,e.setAttribute(\"data-secret\",t)),e.contentWindow.postMessage({message:\"ready\",secret:t},\"*\")},!1)))}(window,document);\n\/\/# sourceURL=https:\/\/www.emballagedigest.fr\/wp-includes\/js\/wp-embed.min.js\n\/* ]]> *\/\n<\/script>","thumbnail_url":"https:\/\/www.emballagedigest.fr\/wp-content\/uploads\/dotclear\/images\/2022\/BONUS\/juil\/all4pack_article1.jpg","thumbnail_width":1,"thumbnail_height":1,"description":"A quelques mois du All4Pack Emballage Paris, qui se tiendra du 21 au 24 novembre \u00e0 Paris Nord Villepinte, les organisateurs ont lanc\u00e9 une \u00e9tude d\u2019opinion aupr\u00e8s de la communaut\u00e9 du salon pour sonder leur vision quant \u00e0 l\u2019\u00e9volution des mat\u00e9riaux d\u2019emballage."}

Les matériaux d’emballage vus par les professionnels - Emballage Digest

<blockquote class="wp-embedded-content" data-secret="0laUffhBZf"><a href="https://www.emballagedigest.fr/en/les-materiaux-d-emballage-vus-par-les-professionnels/">Les matériaux d’emballage vus par les professionnels</a></blockquote><iframe sandbox="allow-scripts" security="restricted" src="https://www.emballagedigest.fr/en/les-materiaux-d-emballage-vus-par-les-professionnels/embed/#?secret=0laUffhBZf" width="600" height="338" title="&#8220;Les matériaux d’emballage vus par les professionnels&#8221; &#8212; Emballage Digest" data-secret="0laUffhBZf" frameborder="0" marginwidth="0" marginheight="0" scrolling="no" class="wp-embedded-content"></iframe><script type="text/javascript">
/* <![CDATA[ */
/*! This file is auto-generated */
!function(d,l){"use strict";l.querySelector&&d.addEventListener&&"undefined"!=typeof URL&&(d.wp=d.wp||{},d.wp.receiveEmbedMessage||(d.wp.receiveEmbedMessage=function(e){var t=e.data;if((t||t.secret||t.message||t.value)&&!/[^a-zA-Z0-9]/.test(t.secret)){for(var s,r,n,a=l.querySelectorAll('iframe[data-secret="'+t.secret+'"]'),o=l.querySelectorAll('blockquote[data-secret="'+t.secret+'"]'),c=new RegExp("^https?:$","i"),i=0;i<o.length;i++)o[i].style.display="none";for(i=0;i<a.length;i++)s=a[i],e.source===s.contentWindow&&(s.removeAttribute("style"),"height"===t.message?(1e3<(r=parseInt(t.value,10))?r=1e3:~~r<200&&(r=200),s.height=r):"link"===t.message&&(r=new URL(s.getAttribute("src")),n=new URL(t.value),c.test(n.protocol))&&n.host===r.host&&l.activeElement===s&&(d.top.location.href=t.value))}},d.addEventListener("message",d.wp.receiveEmbedMessage,!1),l.addEventListener("DOMContentLoaded",function(){for(var e,t,s=l.querySelectorAll("iframe.wp-embedded-content"),r=0;r<s.length;r++)(t=(e=s[r]).getAttribute("data-secret"))||(t=Math.random().toString(36).substring(2,12),e.src+="#?secret="+t,e.setAttribute("data-secret",t)),e.contentWindow.postMessage({message:"ready",secret:t},"*")},!1)))}(window,document);
//# sourceURL=https://www.emballagedigest.fr/wp-includes/js/wp-embed.min.js
/* ]]> */
</script>

A quelques mois du All4Pack Emballage Paris, qui se tiendra du 21 au 24 novembre à Paris Nord Villepinte, les organisateurs ont lancé une étude d’opinion auprès de la communauté du salon pour sonder leur vision quant à l’évolution des matériaux d’emballage.
