{"version":"1.0","provider_name":"Emballage Digest","provider_url":"https:\/\/www.emballagedigest.fr\/en","title":"Multivac France inaugure son nouveau si\u00e8ge social - Emballage Digest","type":"rich","width":600,"height":338,"html":"<blockquote class=\"wp-embedded-content\" data-secret=\"J9m3XNT4LX\"><a href=\"https:\/\/www.emballagedigest.fr\/en\/multivac-france-inaugure-son-nouveau-siege-social\/\">Multivac France inaugure son nouveau si\u00e8ge social<\/a><\/blockquote><iframe sandbox=\"allow-scripts\" security=\"restricted\" src=\"https:\/\/www.emballagedigest.fr\/en\/multivac-france-inaugure-son-nouveau-siege-social\/embed\/#?secret=J9m3XNT4LX\" width=\"600\" height=\"338\" title=\"&#8220;Multivac France inaugure son nouveau si\u00e8ge social&#8221; &#8212; Emballage Digest\" data-secret=\"J9m3XNT4LX\" frameborder=\"0\" marginwidth=\"0\" marginheight=\"0\" scrolling=\"no\" class=\"wp-embedded-content\"><\/iframe><script type=\"text\/javascript\">\n\/* <![CDATA[ *\/\n\/*! This file is auto-generated *\/\n!function(d,l){\"use strict\";l.querySelector&&d.addEventListener&&\"undefined\"!=typeof URL&&(d.wp=d.wp||{},d.wp.receiveEmbedMessage||(d.wp.receiveEmbedMessage=function(e){var t=e.data;if((t||t.secret||t.message||t.value)&&!\/[^a-zA-Z0-9]\/.test(t.secret)){for(var s,r,n,a=l.querySelectorAll('iframe[data-secret=\"'+t.secret+'\"]'),o=l.querySelectorAll('blockquote[data-secret=\"'+t.secret+'\"]'),c=new RegExp(\"^https?:$\",\"i\"),i=0;i<o.length;i++)o[i].style.display=\"none\";for(i=0;i<a.length;i++)s=a[i],e.source===s.contentWindow&&(s.removeAttribute(\"style\"),\"height\"===t.message?(1e3<(r=parseInt(t.value,10))?r=1e3:~~r<200&&(r=200),s.height=r):\"link\"===t.message&&(r=new URL(s.getAttribute(\"src\")),n=new URL(t.value),c.test(n.protocol))&&n.host===r.host&&l.activeElement===s&&(d.top.location.href=t.value))}},d.addEventListener(\"message\",d.wp.receiveEmbedMessage,!1),l.addEventListener(\"DOMContentLoaded\",function(){for(var e,t,s=l.querySelectorAll(\"iframe.wp-embedded-content\"),r=0;r<s.length;r++)(t=(e=s[r]).getAttribute(\"data-secret\"))||(t=Math.random().toString(36).substring(2,12),e.src+=\"#?secret=\"+t,e.setAttribute(\"data-secret\",t)),e.contentWindow.postMessage({message:\"ready\",secret:t},\"*\")},!1)))}(window,document);\n\/\/# sourceURL=https:\/\/www.emballagedigest.fr\/wp-includes\/js\/wp-embed.min.js\n\/* ]]> *\/\n<\/script>","thumbnail_url":"https:\/\/www.emballagedigest.fr\/wp-content\/uploads\/2023\/04\/Multivac.jpg","thumbnail_width":800,"thumbnail_height":518,"description":"D\u00e9but avril, Multivac France inaugurait \u2013 en pr\u00e9sence de la direction allemande du groupe dont le pdg Christian Traumann, de ses partenaires et clients \u2013 son nouveau si\u00e8ge social bas\u00e9, au c\u0153ur de Val d\u2019Europe, \u00e0 Bailly-Romainvilliers, en r\u00e9gion parisienne. L\u2019occasion de faire le point sur l\u2019activit\u00e9 de la filiale fran\u00e7aise. Quelques mois apr\u00e8s avoir [&hellip;]"}

Multivac France inaugure son nouveau siège social - Emballage Digest

<blockquote class="wp-embedded-content" data-secret="J9m3XNT4LX"><a href="https://www.emballagedigest.fr/en/multivac-france-inaugure-son-nouveau-siege-social/">Multivac France inaugure son nouveau siège social</a></blockquote><iframe sandbox="allow-scripts" security="restricted" src="https://www.emballagedigest.fr/en/multivac-france-inaugure-son-nouveau-siege-social/embed/#?secret=J9m3XNT4LX" width="600" height="338" title="&#8220;Multivac France inaugure son nouveau siège social&#8221; &#8212; Emballage Digest" data-secret="J9m3XNT4LX" frameborder="0" marginwidth="0" marginheight="0" scrolling="no" class="wp-embedded-content"></iframe><script type="text/javascript">
/* <![CDATA[ */
/*! This file is auto-generated */
!function(d,l){"use strict";l.querySelector&&d.addEventListener&&"undefined"!=typeof URL&&(d.wp=d.wp||{},d.wp.receiveEmbedMessage||(d.wp.receiveEmbedMessage=function(e){var t=e.data;if((t||t.secret||t.message||t.value)&&!/[^a-zA-Z0-9]/.test(t.secret)){for(var s,r,n,a=l.querySelectorAll('iframe[data-secret="'+t.secret+'"]'),o=l.querySelectorAll('blockquote[data-secret="'+t.secret+'"]'),c=new RegExp("^https?:$","i"),i=0;i<o.length;i++)o[i].style.display="none";for(i=0;i<a.length;i++)s=a[i],e.source===s.contentWindow&&(s.removeAttribute("style"),"height"===t.message?(1e3<(r=parseInt(t.value,10))?r=1e3:~~r<200&&(r=200),s.height=r):"link"===t.message&&(r=new URL(s.getAttribute("src")),n=new URL(t.value),c.test(n.protocol))&&n.host===r.host&&l.activeElement===s&&(d.top.location.href=t.value))}},d.addEventListener("message",d.wp.receiveEmbedMessage,!1),l.addEventListener("DOMContentLoaded",function(){for(var e,t,s=l.querySelectorAll("iframe.wp-embedded-content"),r=0;r<s.length;r++)(t=(e=s[r]).getAttribute("data-secret"))||(t=Math.random().toString(36).substring(2,12),e.src+="#?secret="+t,e.setAttribute("data-secret",t)),e.contentWindow.postMessage({message:"ready",secret:t},"*")},!1)))}(window,document);
//# sourceURL=https://www.emballagedigest.fr/wp-includes/js/wp-embed.min.js
/* ]]> */
</script>

Début avril, Multivac France inaugurait – en présence de la direction allemande du groupe dont le pdg Christian Traumann, de ses partenaires et clients – son nouveau siège social basé, au cœur de Val d’Europe, à Bailly-Romainvilliers, en région parisienne. L’occasion de faire le point sur l’activité de la filiale française. Quelques mois après avoir [&hellip;]
