{"version":"1.0","provider_name":"Emballage Digest","provider_url":"https:\/\/www.emballagedigest.fr\/en","title":"Paolo Maraschi nomm\u00e9 Directeur g\u00e9n\u00e9ral de STEF Italia - Emballage Digest","type":"rich","width":600,"height":338,"html":"<blockquote class=\"wp-embedded-content\" data-secret=\"ZyPT9D6RMK\"><a href=\"https:\/\/www.emballagedigest.fr\/en\/paolo-maraschi-nomme-directeur-general-de-stef-italia\/\">Paolo Maraschi nomm\u00e9 Directeur g\u00e9n\u00e9ral de STEF Italia<\/a><\/blockquote><iframe sandbox=\"allow-scripts\" security=\"restricted\" src=\"https:\/\/www.emballagedigest.fr\/en\/paolo-maraschi-nomme-directeur-general-de-stef-italia\/embed\/#?secret=ZyPT9D6RMK\" width=\"600\" height=\"338\" title=\"&#8220;Paolo Maraschi nomm\u00e9 Directeur g\u00e9n\u00e9ral de STEF Italia&#8221; &#8212; Emballage Digest\" data-secret=\"ZyPT9D6RMK\" frameborder=\"0\" marginwidth=\"0\" marginheight=\"0\" scrolling=\"no\" class=\"wp-embedded-content\"><\/iframe><script type=\"text\/javascript\">\n\/* <![CDATA[ *\/\n\/*! This file is auto-generated *\/\n!function(d,l){\"use strict\";l.querySelector&&d.addEventListener&&\"undefined\"!=typeof URL&&(d.wp=d.wp||{},d.wp.receiveEmbedMessage||(d.wp.receiveEmbedMessage=function(e){var t=e.data;if((t||t.secret||t.message||t.value)&&!\/[^a-zA-Z0-9]\/.test(t.secret)){for(var s,r,n,a=l.querySelectorAll('iframe[data-secret=\"'+t.secret+'\"]'),o=l.querySelectorAll('blockquote[data-secret=\"'+t.secret+'\"]'),c=new RegExp(\"^https?:$\",\"i\"),i=0;i<o.length;i++)o[i].style.display=\"none\";for(i=0;i<a.length;i++)s=a[i],e.source===s.contentWindow&&(s.removeAttribute(\"style\"),\"height\"===t.message?(1e3<(r=parseInt(t.value,10))?r=1e3:~~r<200&&(r=200),s.height=r):\"link\"===t.message&&(r=new URL(s.getAttribute(\"src\")),n=new URL(t.value),c.test(n.protocol))&&n.host===r.host&&l.activeElement===s&&(d.top.location.href=t.value))}},d.addEventListener(\"message\",d.wp.receiveEmbedMessage,!1),l.addEventListener(\"DOMContentLoaded\",function(){for(var e,t,s=l.querySelectorAll(\"iframe.wp-embedded-content\"),r=0;r<s.length;r++)(t=(e=s[r]).getAttribute(\"data-secret\"))||(t=Math.random().toString(36).substring(2,12),e.src+=\"#?secret=\"+t,e.setAttribute(\"data-secret\",t)),e.contentWindow.postMessage({message:\"ready\",secret:t},\"*\")},!1)))}(window,document);\n\/\/# sourceURL=https:\/\/www.emballagedigest.fr\/wp-includes\/js\/wp-embed.min.js\n\/* ]]> *\/\n<\/script>","thumbnail_url":"https:\/\/www.emballagedigest.fr\/wp-content\/uploads\/2025\/06\/Paolo-Maraschi.jpeg","thumbnail_width":800,"thumbnail_height":592,"description":"Le groupe STEF, acteur europ\u00e9en des services de transport, de logistique et de conditionnement d\u00e9di\u00e9s aux produits alimentaires sous temp\u00e9rature contr\u00f4l\u00e9e, annonce la nomination de Paolo Maraschi au poste de Directeur g\u00e9n\u00e9ral de STEF Italia. Il int\u00e8gre le comit\u00e9 ex\u00e9cutif du Groupe et prend la t\u00eate du 2e march\u00e9 du Groupe en Europe, apr\u00e8s la [&hellip;]"}

Paolo Maraschi nommé Directeur général de STEF Italia - Emballage Digest

<blockquote class="wp-embedded-content" data-secret="ZyPT9D6RMK"><a href="https://www.emballagedigest.fr/en/paolo-maraschi-nomme-directeur-general-de-stef-italia/">Paolo Maraschi nommé Directeur général de STEF Italia</a></blockquote><iframe sandbox="allow-scripts" security="restricted" src="https://www.emballagedigest.fr/en/paolo-maraschi-nomme-directeur-general-de-stef-italia/embed/#?secret=ZyPT9D6RMK" width="600" height="338" title="&#8220;Paolo Maraschi nommé Directeur général de STEF Italia&#8221; &#8212; Emballage Digest" data-secret="ZyPT9D6RMK" frameborder="0" marginwidth="0" marginheight="0" scrolling="no" class="wp-embedded-content"></iframe><script type="text/javascript">
/* <![CDATA[ */
/*! This file is auto-generated */
!function(d,l){"use strict";l.querySelector&&d.addEventListener&&"undefined"!=typeof URL&&(d.wp=d.wp||{},d.wp.receiveEmbedMessage||(d.wp.receiveEmbedMessage=function(e){var t=e.data;if((t||t.secret||t.message||t.value)&&!/[^a-zA-Z0-9]/.test(t.secret)){for(var s,r,n,a=l.querySelectorAll('iframe[data-secret="'+t.secret+'"]'),o=l.querySelectorAll('blockquote[data-secret="'+t.secret+'"]'),c=new RegExp("^https?:$","i"),i=0;i<o.length;i++)o[i].style.display="none";for(i=0;i<a.length;i++)s=a[i],e.source===s.contentWindow&&(s.removeAttribute("style"),"height"===t.message?(1e3<(r=parseInt(t.value,10))?r=1e3:~~r<200&&(r=200),s.height=r):"link"===t.message&&(r=new URL(s.getAttribute("src")),n=new URL(t.value),c.test(n.protocol))&&n.host===r.host&&l.activeElement===s&&(d.top.location.href=t.value))}},d.addEventListener("message",d.wp.receiveEmbedMessage,!1),l.addEventListener("DOMContentLoaded",function(){for(var e,t,s=l.querySelectorAll("iframe.wp-embedded-content"),r=0;r<s.length;r++)(t=(e=s[r]).getAttribute("data-secret"))||(t=Math.random().toString(36).substring(2,12),e.src+="#?secret="+t,e.setAttribute("data-secret",t)),e.contentWindow.postMessage({message:"ready",secret:t},"*")},!1)))}(window,document);
//# sourceURL=https://www.emballagedigest.fr/wp-includes/js/wp-embed.min.js
/* ]]> */
</script>

Le groupe STEF, acteur européen des services de transport, de logistique et de conditionnement dédiés aux produits alimentaires sous température contrôlée, annonce la nomination de Paolo Maraschi au poste de Directeur général de STEF Italia. Il intègre le comité exécutif du Groupe et prend la tête du 2e marché du Groupe en Europe, après la [&hellip;]
